{"id":12101,"date":"2022-08-25T14:41:31","date_gmt":"2022-08-25T17:41:31","guid":{"rendered":"https:\/\/www.integrandosalud.com.ar\/es-ar\/politica-de-privacidad\/"},"modified":"2022-08-29T07:18:24","modified_gmt":"2022-08-29T10:18:24","slug":"politicas-de-privacidad","status":"publish","type":"page","link":"https:\/\/integrandosalud.com\/home\/politicas-de-privacidad\/","title":{"rendered":"Pol\u00edticas de Privacidad"},"content":{"rendered":"\t\t<div data-elementor-type=\"wp-page\" data-elementor-id=\"12101\" class=\"elementor elementor-12101\" data-elementor-post-type=\"page\">\n\t\t\t\t\t\t<section class=\"elementor-section elementor-top-section elementor-element elementor-element-aa408c0 elementor-section-boxed elementor-section-height-default elementor-section-height-default\" data-id=\"aa408c0\" data-element_type=\"section\" data-e-type=\"section\">\n\t\t\t\t\t\t<div class=\"elementor-container elementor-column-gap-default\">\n\t\t\t\t\t<div class=\"elementor-column elementor-col-100 elementor-top-column elementor-element elementor-element-986aee5\" data-id=\"986aee5\" data-element_type=\"column\" data-e-type=\"column\">\n\t\t\t<div class=\"elementor-widget-wrap elementor-element-populated\">\n\t\t\t\t\t\t<div class=\"elementor-element elementor-element-0ed506a elementor-widget elementor-widget-heading\" data-id=\"0ed506a\" data-element_type=\"widget\" data-e-type=\"widget\" data-widget_type=\"heading.default\">\n\t\t\t\t<div class=\"elementor-widget-container\">\n\t\t\t\t\t<h2 class=\"elementor-heading-title elementor-size-default\">Pol\u00edtica de Privacidad<\/h2>\t\t\t\t<\/div>\n\t\t\t\t<\/div>\n\t\t\t\t\t<\/div>\n\t\t<\/div>\n\t\t\t\t\t<\/div>\n\t\t<\/section>\n\t\t\t\t<section class=\"elementor-section elementor-top-section elementor-element elementor-element-0c3dad8 elementor-section-boxed elementor-section-height-default elementor-section-height-default\" data-id=\"0c3dad8\" data-element_type=\"section\" data-e-type=\"section\">\n\t\t\t\t\t\t<div class=\"elementor-container elementor-column-gap-default\">\n\t\t\t\t\t<div class=\"elementor-column elementor-col-100 elementor-top-column elementor-element elementor-element-518f80a\" data-id=\"518f80a\" data-element_type=\"column\" data-e-type=\"column\">\n\t\t\t<div class=\"elementor-widget-wrap elementor-element-populated\">\n\t\t\t\t\t\t<div class=\"elementor-element elementor-element-4bfa933 elementor-widget elementor-widget-text-editor\" data-id=\"4bfa933\" data-element_type=\"widget\" data-e-type=\"widget\" data-widget_type=\"text-editor.default\">\n\t\t\t\t<div class=\"elementor-widget-container\">\n\t\t\t\t\t\t\t\t\t<p><span style=\"color: #1e1666;\"><em><strong>Integrando Salud<\/strong><\/em>, reconoce la importancia que existe en administrar y proteger correctamente la informaci\u00f3n de nuestros visitantes. Por este motivo, nuestro sitio cuenta con pol\u00edticas muy estrictas de privacidad. A continuaci\u00f3n se citan los lineamientos que sigue nuestra empresa con respecto a los datos personales provistos por los usuarios:<\/span><\/p><ul><li><span style=\"color: #1e1666;\">El acto de proporcionar los datos de car\u00e1cter personal s\u00f3lo se realizar\u00e1 de forma voluntaria y cuando sea necesario la suscripci\u00f3n a nuestros Servicios.<\/span><\/li><li><span style=\"color: #1e1666;\">En todo caso en que tanto los Profesionales de la Salud como sus Pacientes (ambos en car\u00e1cter de Usuarios), los cuales consintieron la recolecci\u00f3n de sus datos personales para su atenci\u00f3n sanitaria, proporcionen sus datos personales, se considerar\u00e1 que los mismos han brindado su consentimiento para que dichos datos sean objeto de tratamiento por parte de\u00a0<em><strong>Integrando Salud<\/strong><\/em>.<\/span><\/li><li><span style=\"color: #1e1666;\"><em><strong>Integrando Salud<\/strong><\/em>\u00a0no altera la informaci\u00f3n que suministra el usuario.<\/span><\/li><li><span style=\"color: #1e1666;\"><em><strong>Integrando Salud<\/strong>\u00a0<\/em>no suministra ni vende la informaci\u00f3n del usuario a ning\u00fan tercero, a menos que tenga el consentimiento previo del mismo.<\/span><\/li><li><span style=\"color: #1e1666;\"><em><strong>Integrando Salud<\/strong><\/em>\u00a0no publica material que da\u00f1e la moral y las buenas costumbres de las personas.<\/span><\/li><li><span style=\"color: #1e1666;\"><em><strong>Integrando Salud\u00a0<\/strong><\/em>podr\u00e1 enviar informaci\u00f3n de noticias, eventos u otro tipo de actividades a las personas suscritas a nuestro sitio. El usuario podr\u00e1 desuscribirse de este servicio en el momento que lo desee.<\/span><\/li><li><span style=\"color: #1e1666;\">La clave de acceso del usuario que<em>\u00a0<strong>Integrando Salud<\/strong><\/em>\u00a0almacena en sus servidores se almacena en forma encriptada.<\/span><\/li><li><span style=\"color: #1e1666;\"><em><strong>Integrando Salud<\/strong><\/em>\u00a0no accede, reproduce ni comparte ning\u00fan tipo de dato personal o m\u00e9dico de sus usuarios o pacientes sin previo consentimiento del m\u00e9dico.<\/span><\/li><li><span style=\"color: #1e1666;\"><em><strong>Integrando Salud<\/strong><\/em>\u00a0podr\u00e1 obtener informaci\u00f3n estad\u00edstica generada de la base de datos para efectos de an\u00e1lisis de mercado. Por ejemplo: cantidad de m\u00e9dicos suscritos, segmentaci\u00f3n del mercado por g\u00e9nero, edad, pa\u00eds u otro tipo de informaci\u00f3n similar que sea \u00fatil para nuestro departamento de mercadeo.<\/span><\/li><li><span style=\"color: #1e1666;\"><em><strong>Integrando Salud<\/strong><\/em>\u00a0permite a los usuarios suscribirse de forma gratuita para probar el sistema. Esto puede ocasionar que personas malintencionadas digiten correos de otros m\u00e9dicos sin su consentimiento. Si por alguna raz\u00f3n, una persona recibiera un correo de\u00a0<em><strong>Integrando Salud<\/strong>\u00a0<\/em>sin haberlo solicitado, puede notificarlo inmediatamente a soporte@integrandosalud.com para investigar el caso y corregir el problema.<\/span><\/li><li><span style=\"color: #1e1666;\"><em><strong>Integrando Salud<\/strong><\/em>\u00a0podr\u00e1 almacenar informaci\u00f3n del navegador de Internet y direcci\u00f3n IP del usuario para efectos de identificar, diagnosticar y corregir cualquier tipo de actividad fraudulenta.<\/span><\/li><li><span style=\"color: #1e1666;\">La navegaci\u00f3n por las p\u00e1ginas web de nuestros servicios se puede realizar de forma totalmente an\u00f3nima y nuestro(s) servidor(es) Web tan s\u00f3lo recolectan y conserva(n) una serie de datos p\u00fablicos y de libre acceso con fines estrictamente estad\u00edsticos. Esos datos son: el nombre del dominio o direcci\u00f3n IP (Protocolo de Internet), del proveedor de acceso a Internet, la fecha y hora de acceso a nuestra Web y la direcci\u00f3n desde la que parti\u00f3 el hiperv\u00ednculo que dirige a nuestra Web. Esta recolecci\u00f3n de datos no permite la identificaci\u00f3n, por\u00a0<strong>Integrando Salud<\/strong>, del usuario del sitio, y son usados para fines estad\u00edsticos, por ejemplo, para controlar el n\u00famero de visitantes del sitio, duraci\u00f3n de las visitas, etc. Para tal fin las p\u00e1ginas de\u00a0<em><strong>Integrando Salud<\/strong><\/em>\u00a0utilizan cookies, peque\u00f1os ficheros de datos que se generan en la computadora del usuario y que nos permiten obtener dicha informaci\u00f3n.<\/span><\/li><\/ul><p><span style=\"color: #1e1666;\">Para conocer sobre la seguridad en la administraci\u00f3n y almacenamiento de los datos del sistema (como pacientes, turnos, consultas, etc.), por favor refi\u00e9rase a nuestra\u00a0<a style=\"color: #1e1666;\" href=\"https:\/\/integrandosalud.com\/home\/politicas-de-privacidad\/?page_id=265\">pol\u00edtica de seguridad<\/a>.<\/span><\/p>\t\t\t\t\t\t\t\t<\/div>\n\t\t\t\t<\/div>\n\t\t\t\t\t<\/div>\n\t\t<\/div>\n\t\t\t\t\t<\/div>\n\t\t<\/section>\n\t\t\t\t<\/div>\n\t\t","protected":false},"excerpt":{"rendered":"<p>Pol\u00edtica de Privacidad Integrando Salud, reconoce la importancia que existe en administrar y proteger correctamente la informaci\u00f3n de nuestros visitantes. Por este motivo, nuestro sitio cuenta con pol\u00edticas muy estrictas de privacidad. A continuaci\u00f3n se citan los lineamientos que sigue nuestra empresa con respecto a los datos personales provistos por los usuarios: El acto de [&hellip;]<\/p>\n","protected":false},"author":1,"featured_media":0,"parent":0,"menu_order":0,"comment_status":"closed","ping_status":"closed","template":"","meta":{"content-type":"","footnotes":""},"class_list":["post-12101","page","type-page","status-publish","hentry"],"yoast_head":"<!-- This site is optimized with the Yoast SEO plugin v27.5 - https:\/\/yoast.com\/product\/yoast-seo-wordpress\/ -->\n<title>Pol\u00edtica de Privacidad - Integrando Salud Argentina<\/title>\n<meta name=\"description\" content=\"Pol\u00edtica de Privacidad - Integrando Salud Argentina\" \/>\n<meta name=\"robots\" content=\"index, follow, max-snippet:-1, max-image-preview:large, max-video-preview:-1\" \/>\n<link rel=\"canonical\" href=\"https:\/\/integrandosalud.com\/home\/politicas-de-privacidad\/\" \/>\n<meta property=\"og:locale\" content=\"es_ES\" \/>\n<meta property=\"og:type\" content=\"article\" \/>\n<meta property=\"og:title\" content=\"Pol\u00edtica de Privacidad - Integrando Salud Argentina\" \/>\n<meta property=\"og:description\" content=\"Pol\u00edtica de Privacidad - Integrando Salud Argentina\" \/>\n<meta property=\"og:url\" content=\"https:\/\/integrandosalud.com\/home\/politicas-de-privacidad\/\" \/>\n<meta property=\"og:site_name\" content=\"Integrando Salud\" \/>\n<meta property=\"article:publisher\" content=\"https:\/\/www.facebook.com\/hce.integrandosalud\" \/>\n<meta property=\"article:modified_time\" content=\"2022-08-29T10:18:24+00:00\" \/>\n<meta property=\"og:image\" content=\"https:\/\/www.integrandosalud.com\/es-ar\/wp-content\/uploads\/sites\/2\/2022\/09\/logo_color_199x199.png\" \/>\n<meta name=\"twitter:card\" content=\"summary_large_image\" \/>\n<meta name=\"twitter:title\" content=\"Pol\u00edtica de Privacidad - Integrando Salud Argentina\" \/>\n<meta name=\"twitter:description\" content=\"Pol\u00edtica de Privacidad - Integrando Salud Argentina\" \/>\n<meta name=\"twitter:image\" content=\"https:\/\/www.integrandosalud.com\/es-ar\/wp-content\/uploads\/sites\/2\/2022\/09\/logo_color_199x199.png\" \/>\n<meta name=\"twitter:site\" content=\"@integrandosalud\" \/>\n<meta name=\"twitter:label1\" content=\"Tiempo de lectura\" \/>\n\t<meta name=\"twitter:data1\" content=\"3 minutos\" \/>\n<script type=\"application\/ld+json\" class=\"yoast-schema-graph\">{\"@context\":\"https:\\\/\\\/schema.org\",\"@graph\":[{\"@type\":\"WebPage\",\"@id\":\"https:\\\/\\\/integrandosalud.com\\\/home\\\/politicas-de-privacidad\\\/\",\"url\":\"https:\\\/\\\/integrandosalud.com\\\/home\\\/politicas-de-privacidad\\\/\",\"name\":\"Pol\u00edtica de Privacidad - Integrando Salud Argentina\",\"isPartOf\":{\"@id\":\"https:\\\/\\\/integrandosalud.com\\\/home\\\/#website\"},\"datePublished\":\"2022-08-25T17:41:31+00:00\",\"dateModified\":\"2022-08-29T10:18:24+00:00\",\"description\":\"Pol\u00edtica de Privacidad - Integrando Salud Argentina\",\"breadcrumb\":{\"@id\":\"https:\\\/\\\/integrandosalud.com\\\/home\\\/politicas-de-privacidad\\\/#breadcrumb\"},\"inLanguage\":\"es\",\"potentialAction\":[{\"@type\":\"ReadAction\",\"target\":[\"https:\\\/\\\/integrandosalud.com\\\/home\\\/politicas-de-privacidad\\\/\"]}]},{\"@type\":\"BreadcrumbList\",\"@id\":\"https:\\\/\\\/integrandosalud.com\\\/home\\\/politicas-de-privacidad\\\/#breadcrumb\",\"itemListElement\":[{\"@type\":\"ListItem\",\"position\":1,\"name\":\"Portada\",\"item\":\"https:\\\/\\\/integrandosalud.com\\\/home\\\/\"},{\"@type\":\"ListItem\",\"position\":2,\"name\":\"Pol\u00edticas de Privacidad\"}]},{\"@type\":\"WebSite\",\"@id\":\"https:\\\/\\\/integrandosalud.com\\\/home\\\/#website\",\"url\":\"https:\\\/\\\/integrandosalud.com\\\/home\\\/\",\"name\":\"Integrando Salud\",\"description\":\"Sistema integral de gesti\u00f3n hospitalaria, cl\u00ednicas y consultorios. HIS \\\/ HCE \\\/ ERP. Telemedicina. Administraci\u00f3n. Contabilidad. Portal del Paciente.\",\"publisher\":{\"@id\":\"https:\\\/\\\/integrandosalud.com\\\/home\\\/#organization\"},\"potentialAction\":[{\"@type\":\"SearchAction\",\"target\":{\"@type\":\"EntryPoint\",\"urlTemplate\":\"https:\\\/\\\/integrandosalud.com\\\/home\\\/?s={search_term_string}\"},\"query-input\":{\"@type\":\"PropertyValueSpecification\",\"valueRequired\":true,\"valueName\":\"search_term_string\"}}],\"inLanguage\":\"es\"},{\"@type\":\"Organization\",\"@id\":\"https:\\\/\\\/integrandosalud.com\\\/home\\\/#organization\",\"name\":\"Integrando Salud\",\"alternateName\":\"IS\",\"url\":\"https:\\\/\\\/integrandosalud.com\\\/home\\\/\",\"logo\":{\"@type\":\"ImageObject\",\"inLanguage\":\"es\",\"@id\":\"https:\\\/\\\/integrandosalud.com\\\/home\\\/#\\\/schema\\\/logo\\\/image\\\/\",\"url\":\"https:\\\/\\\/integrandosalud.com\\\/home\\\/wp-content\\\/uploads\\\/2025\\\/03\\\/cropped-Marca-Integrand-iso.png\",\"contentUrl\":\"https:\\\/\\\/integrandosalud.com\\\/home\\\/wp-content\\\/uploads\\\/2025\\\/03\\\/cropped-Marca-Integrand-iso.png\",\"width\":512,\"height\":512,\"caption\":\"Integrando Salud\"},\"image\":{\"@id\":\"https:\\\/\\\/integrandosalud.com\\\/home\\\/#\\\/schema\\\/logo\\\/image\\\/\"},\"sameAs\":[\"https:\\\/\\\/www.facebook.com\\\/hce.integrandosalud\",\"https:\\\/\\\/x.com\\\/integrandosalud\",\"https:\\\/\\\/www.instagram.com\\\/integrandosalud\\\/\",\"https:\\\/\\\/www.linkedin.com\\\/company\\\/integrandosalud\\\/\"]}]}<\/script>\n<!-- \/ Yoast SEO plugin. -->","yoast_head_json":{"title":"Pol\u00edtica de Privacidad - Integrando Salud Argentina","description":"Pol\u00edtica de Privacidad - Integrando Salud Argentina","robots":{"index":"index","follow":"follow","max-snippet":"max-snippet:-1","max-image-preview":"max-image-preview:large","max-video-preview":"max-video-preview:-1"},"canonical":"https:\/\/integrandosalud.com\/home\/politicas-de-privacidad\/","og_locale":"es_ES","og_type":"article","og_title":"Pol\u00edtica de Privacidad - Integrando Salud Argentina","og_description":"Pol\u00edtica de Privacidad - Integrando Salud Argentina","og_url":"https:\/\/integrandosalud.com\/home\/politicas-de-privacidad\/","og_site_name":"Integrando Salud","article_publisher":"https:\/\/www.facebook.com\/hce.integrandosalud","article_modified_time":"2022-08-29T10:18:24+00:00","og_image":[{"url":"https:\/\/www.integrandosalud.com\/es-ar\/wp-content\/uploads\/sites\/2\/2022\/09\/logo_color_199x199.png","type":"","width":"","height":""}],"twitter_card":"summary_large_image","twitter_title":"Pol\u00edtica de Privacidad - Integrando Salud Argentina","twitter_description":"Pol\u00edtica de Privacidad - Integrando Salud Argentina","twitter_image":"https:\/\/www.integrandosalud.com\/es-ar\/wp-content\/uploads\/sites\/2\/2022\/09\/logo_color_199x199.png","twitter_site":"@integrandosalud","twitter_misc":{"Tiempo de lectura":"3 minutos"},"schema":{"@context":"https:\/\/schema.org","@graph":[{"@type":"WebPage","@id":"https:\/\/integrandosalud.com\/home\/politicas-de-privacidad\/","url":"https:\/\/integrandosalud.com\/home\/politicas-de-privacidad\/","name":"Pol\u00edtica de Privacidad - Integrando Salud Argentina","isPartOf":{"@id":"https:\/\/integrandosalud.com\/home\/#website"},"datePublished":"2022-08-25T17:41:31+00:00","dateModified":"2022-08-29T10:18:24+00:00","description":"Pol\u00edtica de Privacidad - Integrando Salud Argentina","breadcrumb":{"@id":"https:\/\/integrandosalud.com\/home\/politicas-de-privacidad\/#breadcrumb"},"inLanguage":"es","potentialAction":[{"@type":"ReadAction","target":["https:\/\/integrandosalud.com\/home\/politicas-de-privacidad\/"]}]},{"@type":"BreadcrumbList","@id":"https:\/\/integrandosalud.com\/home\/politicas-de-privacidad\/#breadcrumb","itemListElement":[{"@type":"ListItem","position":1,"name":"Portada","item":"https:\/\/integrandosalud.com\/home\/"},{"@type":"ListItem","position":2,"name":"Pol\u00edticas de Privacidad"}]},{"@type":"WebSite","@id":"https:\/\/integrandosalud.com\/home\/#website","url":"https:\/\/integrandosalud.com\/home\/","name":"Integrando Salud","description":"Sistema integral de gesti\u00f3n hospitalaria, cl\u00ednicas y consultorios. HIS \/ HCE \/ ERP. Telemedicina. Administraci\u00f3n. Contabilidad. Portal del Paciente.","publisher":{"@id":"https:\/\/integrandosalud.com\/home\/#organization"},"potentialAction":[{"@type":"SearchAction","target":{"@type":"EntryPoint","urlTemplate":"https:\/\/integrandosalud.com\/home\/?s={search_term_string}"},"query-input":{"@type":"PropertyValueSpecification","valueRequired":true,"valueName":"search_term_string"}}],"inLanguage":"es"},{"@type":"Organization","@id":"https:\/\/integrandosalud.com\/home\/#organization","name":"Integrando Salud","alternateName":"IS","url":"https:\/\/integrandosalud.com\/home\/","logo":{"@type":"ImageObject","inLanguage":"es","@id":"https:\/\/integrandosalud.com\/home\/#\/schema\/logo\/image\/","url":"https:\/\/integrandosalud.com\/home\/wp-content\/uploads\/2025\/03\/cropped-Marca-Integrand-iso.png","contentUrl":"https:\/\/integrandosalud.com\/home\/wp-content\/uploads\/2025\/03\/cropped-Marca-Integrand-iso.png","width":512,"height":512,"caption":"Integrando Salud"},"image":{"@id":"https:\/\/integrandosalud.com\/home\/#\/schema\/logo\/image\/"},"sameAs":["https:\/\/www.facebook.com\/hce.integrandosalud","https:\/\/x.com\/integrandosalud","https:\/\/www.instagram.com\/integrandosalud\/","https:\/\/www.linkedin.com\/company\/integrandosalud\/"]}]}},"_links":{"self":[{"href":"https:\/\/integrandosalud.com\/home\/wp-json\/wp\/v2\/pages\/12101","targetHints":{"allow":["GET"]}}],"collection":[{"href":"https:\/\/integrandosalud.com\/home\/wp-json\/wp\/v2\/pages"}],"about":[{"href":"https:\/\/integrandosalud.com\/home\/wp-json\/wp\/v2\/types\/page"}],"author":[{"embeddable":true,"href":"https:\/\/integrandosalud.com\/home\/wp-json\/wp\/v2\/users\/1"}],"replies":[{"embeddable":true,"href":"https:\/\/integrandosalud.com\/home\/wp-json\/wp\/v2\/comments?post=12101"}],"version-history":[{"count":0,"href":"https:\/\/integrandosalud.com\/home\/wp-json\/wp\/v2\/pages\/12101\/revisions"}],"wp:attachment":[{"href":"https:\/\/integrandosalud.com\/home\/wp-json\/wp\/v2\/media?parent=12101"}],"curies":[{"name":"wp","href":"https:\/\/api.w.org\/{rel}","templated":true}]}}